divisor of 21 and 1113?
21
Calculate the highest common factor of 68 and 17.
17
Calculate the highest common factor of 20608 and 805.
161
What is the highest common factor of 1244 and 4?
4
What is the greatest common divisor of 435 and 5?
5
Calculate the highest common divisor of 22 and 1111.
11
What is the greatest common factor of 120 and 1230?
30
What is the greatest common divisor of 377 and 104?
13
Calculate the greatest common divisor of 21 and 336.
21
What is the greatest common factor of 2983 and 157?
157
Calculate the greatest common divisor of 1485 and 99.
99
Calculate the greatest common divisor of 53 and 2173.
53
What is the greatest common factor of 45129 and 147?
147
What is the greatest common divisor of 100 and 4?
4
What is the greatest common factor of 102 and 6?
6
What is the greatest common factor of 10 and 190?
10
Calculate the highest common factor of 1599 and 1107.
123
What is the highest common factor of 942 and 12?
6
Calculate the highest common factor of 5 and 45.
5
Calculate the highest common factor of 10089 and 38.
19
What is the highest common divisor of 164 and 1681?
41
Calculate the highest common factor of 247 and 104.
13
Calculate the greatest common factor of 1260 and 273.
21
What is the greatest common factor of 150 and 90?
30
Calculate the highest common factor of 648 and 288.
72
Calculate the highest common divisor of 63 and 175.
7
What is the greatest common factor of 68 and 4?
4
What is the highest common factor of 204 and 36?
12
What is the highest common divisor of 2628 and 90?
18
Calculate the highest common divisor of 190 and 19.
19
What is the greatest common factor of 15042 and 436?
218
Calculate the greatest common factor of 44 and 51612.
44
What is the highest common divisor of 2376 and 1672?
88
What is the highest common divisor of 192 and 9?
3
Calculate the highest common divisor of 36306 and 18.
18
Calculate the greatest common factor of 767 and 117.
13
What is the greatest common factor of 204 and 1596?
12
What is the greatest common divisor of 42 and 16149?
21
What is the highest common divisor of 5 and 235?
5
Calculate the highest common divisor of 1 and 846.
1
What is the greatest common divisor of 5352 and 48?
24
What is the highest common divisor of 15450 and 450?
150
Calculate the greatest common divisor of 8 and 344.
8
What is the greatest common divisor of 1462 and 258?
86
What is the greatest common factor of 990 and 36?
18
What is the highest common factor of 60 and 5480?
20
What is the highest common divisor of 39 and 99?
3
What is the greatest common divisor of 729 and 216?
27
Calculate the highest common factor of 1444 and 38.
38
Calculate the highest common factor of 460 and 220.
20
What is the highest common factor of 30 and 6855?
15
What is the highest common divisor of 78 and 1937?
13
What is the greatest common factor of 1233 and 9?
9
Calculate the highest common divisor of 13 and 143.
13
Calculate the highest common divisor of 60476 and 52.
52
Calculate the greatest common divisor of 55 and 88.
11
Calculate the greatest common factor of 5720 and 78.
26
Calculate the greatest common divisor of 8 and 158.
2
What is the greatest common factor of 3120 and 96?
48
Calculate the highest common factor of 11 and 704.
11
What is the highest common factor of 187 and 51?
17
Calculate the highest common divisor of 168 and 1296.
24
What is the highest common factor of 2 and 137?
1
Calculate the highest common divisor of 34 and 289.
17
Calculate the highest common divisor of 6 and 8.
2
What is the highest common divisor of 80 and 248?
8
Calculate the greatest common factor of 5452 and 376.
188
Calculate the highest common factor of 19912 and 4.
4
What is the greatest common factor of 130 and 468?
26
Calculate the greatest common factor of 258 and 294.
6
What is the greatest common factor of 64 and 1856?
64
Calculate the greatest common factor of 5 and 405.
5
What is the highest common divisor of 460 and 12190?
230
Calculate the greatest common factor of 150 and 320.
10
What is the greatest common factor of 14312 and 40?
8
Calculate the highest common divisor of 9376 and 2.
2
What is the highest common divisor of 1071 and 630?
63
What is the greatest common factor of 90 and 50?
10
Calculate the highest common divisor of 3940 and 40.
20
What is the greatest common factor of 125 and 1200?
25
Calculate the greatest common factor of 5 and 15.
5
Calculate the greatest common factor of 10 and 784.
2
What is the greatest common divisor of 468 and 2964?
156
What is the highest common factor of 92 and 4324?
92
Calculate the highest common divisor of 102 and 42.
6
Calculate the highest common divisor of 68 and 8126.
34
Calculate the greatest common factor of 3 and 1383.
3
What is the highest common divisor of 20 and 320?
20
What is the highest common factor of 325 and 819?
13
What is the highest common factor of 19581 and 183?
183
What is the highest common factor of 187 and 153?
17
Calculate the highest common factor of 4633 and 113.
113
What is the greatest common divisor of 4416 and 1728?
192
Calculate the greatest common factor of 672 and 2112.
96
Calculate the highest common factor of 34 and 13634.
34
Calculate the highest common divisor of 5901 and 21.
21
What is the highest common divisor of 345 and 15?
15
Calculate the greatest common factor of 51 and 68.
17
What is the greatest common factor of 8 and 14072?
8
Calculate the greatest common factor of 90 and 20.
10
Calculate the greatest common factor of 340 and 136.
68
Calculate the highest common divisor of 1189 and 3444.
41
What is the greatest common divisor of 3 and 147?
3
What is the greatest common divisor of 1050 and 1350?
150
Calculate the greatest common factor of 1750 and 28.
14
What is the highest common factor of 253 and 88?
11
Calculate the greatest common factor of 136 and 3400.
136
Calculate the highest common divisor of 4402 and 62.
62
What is the greatest common factor of 1788 and 32?
4
Calculate the greatest common divisor of 8 and 3.
1
Calculate the greatest common divisor of 26 and 1378.
26
Calculate the highest common factor of 9 and 207.
9
What is the greatest common factor of 1111 and 303?
101
What is the greatest common divisor of 13 and 416?
13
Calculate the greatest common factor of 2163 and 21.
21
What is the highest common divisor of 72 and 336?
24
What is the greatest common factor of 4228 and 154?
14
What is the highest common factor of 24 and 24?
24
What is the highest common factor of 3674 and 66?
22
Calculate the greatest common factor of 589 and 19.
19
Calculate the highest common factor of 12166 and 770.
154
What is the greatest common factor of 7 and 91?
7
Calculate the greatest common factor of 2 and 9.
1
Calculate the greatest common divisor of 5328 and 54.
18
Calculate the greatest common factor of 96 and 132.
12
Calculate the highest common divisor of 140 and 336.
28
What is the highest common divisor of 69 and 1104?
69
Calculate the highest common divisor of 200 and 8.
8
What is the highest common factor of 67 and 2144?
67
What is the highest common divisor of 3192 and 2964?
228
Calculate the highest common divisor of 8 and 2666.
2
What is the highest common divisor of 3570 and 840?
210
Calculate the greatest common factor of 112 and 16.
16
Calculate the greatest common divisor of 816 and 96.
48
Calculate the highest common divisor of 1734 and 102.
102
Calculate the greatest common factor of 3111 and 8601.
183
Calculate the highest common divisor of 58 and 290.
58
What is the highest common divisor of 84 and 462?
42
Calculate the greatest common divisor of 18648 and 189.
63
Calculate the highest common divisor of 18 and 504.
18
Calculate the greatest common factor of 6 and 105414.
6
Calculate the highest common factor of 5206 and 190.
38
Calculate the greatest common factor of 200 and 24.
8
Calculate the highest common factor of 13888 and 1.
1
Calculate the greatest common divisor of 684 and 72.
36
Calculate the highest common divisor of 276 and 920.
92
What is the highest common divisor of 14 and 910?
14
Calculate the greatest common factor of 432 and 10908.
108
Calculate the greatest common divisor of 1022 and 730.
146
What is the highest common factor of 35 and 315?
35
What is the greatest commo